 is the highest common factor of a and 12?
12
Let y(m) = 6*m - 5*m**2 + 0*m - 20*m**3 + 21*m**3. Let b be y(4). What is the highest common divisor of 72 and b?
8
Suppose -5*o + 3*z + 329 = -182, 0 = 3*o - z - 309. What is the highest common factor of 91 and o?
13
Let h be (729/(-2))/(-3) + 6/(-4). Suppose 0*j + h = 5*j. What is the greatest common factor of 18 and j?
6
Let y be (28/6)/((-58)/(-2871)). Suppose -4*u = 20, -28 - 4 = -2*q - 2*u. What is the greatest common divisor of y and q?
21
Let c(n) = n**3 + 6*n**2 - 11*n + 30. Let g be c(-6). Calculate the highest common factor of 2160 and g.
48
Let v be (-180)/72*(1 + -13). Calculate the greatest common factor of 135 and v.
15
Let q = -2 - -2. Suppose -300 = -k - f, -5*k + f + 1500 = -q*f. Calculate the greatest common divisor of k and 12.
12
Let f(m) = 59*m**3 - 2*m**2 + 4*m + 1. Let w be f(2). What is the greatest common factor of w and 43?
43
Let u = 20 - 4. Suppose 3*b = u + 68. Calculate the highest common divisor of 252 and b.
28
Let v be 25/15*(-2)/(10/(-9)). Suppose 0 = -2*b - 0*f + 2*f + 26, v*f = b - 23. What is the greatest common divisor of b and 2?
2
Let l = 557 - 333. Let a = -16383 - -16397. Calculate the highest common factor of a and l.
14
Let n be ((-2)/6)/((-1)/15). Suppose 4*i = -4*r + 128, -1 = -n*r + 9. Let j = -22 + i. Calculate the highest common factor of j and 72.
8
Suppose 2*q = -200 + 232. What is the highest common divisor of 24 and q?
8
Suppose 0 = -l + 73 + 29. Calculate the greatest common factor of l and 357.
51
Let h be 4 + (-102)/24 + 26/8. Suppose -h*l + 32 = -l. What is the greatest common divisor of 80 and l?
16
Suppose 0 = 29*a + 7*a - 98568. What is the highest common factor of a and 148?
74
Let v(i) = -i**3 + 20*i**2 - 16*i - 39. Let l be v(19). Calculate the highest common factor of 72 and l.
18
Let m be (-1)/(-4) + (-22)/(-8). Suppose -48 = m*y + y. Let q be 2/y + (-201)/(-18). Calculate the highest common divisor of 33 and q.
11
Let s(j) = 4*j**2 + 12*j - 1. Let b be s(-5). What is the greatest common divisor of b and 13?
13
Let i be ((-2)/3)/(((-70)/(-825))/14). Let x = -2 - i. Calculate the greatest common factor of x and 27.
27
Suppose 4*f - 36 = 2*d, -f + 5*d + 27 = -0*f. Let s(p) = p**3 - 17*p**2 + 18*p - 30. Let u be s(16). Calculate the greatest common divisor of f and u.
1
Let w be (-22)/(66/(-88) + (-10)/8). What is the greatest common factor of 396 and w?
11
Let f be ((-5)/1 - 1)/(72/(-240)). Calculate the highest common divisor of f and 540.
20
Let c(v) = 5*v + 185. Let z be c(-31). What is the highest common factor of z and 310?
10
Let q be (1530/(-204))/(2/(-28)). What is the highest common divisor of q and 21?
21
Let z be (2 - 38/(-5))*45. Suppose -4*u + 2*q + 348 = 5*q, 0 = -5*u - 3*q + z. Suppose 4*a + 20 = u. What is the greatest common divisor of a and 2?
2
Suppose -16*y + 865 = -1983. Calculate the greatest common factor of 979 and y.
89
Let a(t) = -t + 13. Let h be a(11). Suppose -2*b + h = 5*l, -2*l - 1 + 3 = b. Calculate the greatest common divisor of b and 24.
6
Suppose -4*u + m + 1063 = 405, -u = m - 167. What is the greatest common factor of u and 66?
33
Suppose 0 = 5*q - q - 76. Let z = -17 + q. Suppose -5*y + 15 = -5*h, -4*h + 4 = y + 1. What is the highest common factor of z and y?
1
Let s(c) be the first derivative of -c**2/2 - 7. Let o be s(-10). Suppose -4*t + b + 20 = -t, -t + b + o = 0. Calculate the highest common divisor of t and 20.
5
Let o(l) = 21*l + 1. Let u be o(1). Suppose -g - 3*m - 2*m = -176, -5*g = -3*m - 880. Calculate the highest common factor of g and u.
22
Let b be 25/(-70)*20*-7. Let p be (-2)/10 + (-1440)/b. Let u = p - -30. What is the greatest common factor of u and 9?
1
Suppose 3*h = -3*q + 231, 3*q - 51 - 28 = -h. Let j be h/8*4 - 2. What is the highest common factor of j and 144?
36
Let v(d) = 4*d**2 - 7*d - 14. Let o be v(-2). What is the greatest common factor of 16 and o?
16
Suppose z = -x + 9 + 10, -4*x = 20. Let w = 58 + -34. What is the highest common factor of w and z?
24
Let u = 141 - 69. What is the greatest common divisor of u and 9?
9
Suppose 273 = -q + 295. What is the greatest common divisor of q and 649?
11
Let c be -5*(1 + (-43)/5). Let h be 112/2 + 0/6. Let u = h - c. What is the highest common divisor of u and 9?
9
Let h be 2/(-4)*(0 + -34). Let o(x) = 22*x + 6 + 0*x**2 + x**2 - h*x. Let m be o(7). Calculate the greatest common divisor of m and 10.
10
Let w be (2 - 5)*(-4)/6 - 0. Suppose 5*j = w*z - 35, -67 = -4*z + 4*j - 15. Calculate the greatest common factor of z and 30.
10
Let h(x) = -x**2 - 14*x + 50. Let d be h(-15). Let w = d + -31. Suppose 6 + 2 = 2*g. What is the highest common factor of w and g?
4
Let h be (-1)/(-3) - 2*(-82)/12. Suppose -h*a = -19*a + 30. Calculate the highest common factor of 3 and a.
3
Let t(o) = -o**2 + 40*o - 52. Let b be t(15). Calculate the highest common divisor of 57 and b.
19
Suppose -t = -25 + 9. Suppose -5 - 1 = -3*z. Calculate the greatest common divisor of t and z.
2
Let r = 47 + 72. What is the greatest common factor of 14 and r?
7
Let p be (-2)/(-3)*126/7. Suppose -2*v + p = -v. Suppose 2*d = 5*d - v. What is the highest common divisor of d and 28?
4
Let q = 662 + -646. What is the highest common divisor of q and 18?
2
Let k = 1235 + -1137. What is the greatest common divisor of k and 63?
7
Let r = 99 + -51. Let o = -23 + r. Let h be o*-8*(7 + -8). Calculate the greatest common factor of h and 25.
25
Let u = -25 + 25. Let a = u + 4. Suppose -5*r - 4 = a*v, -3*v + 7*r - 2*r = -32. Calculate the greatest common divisor of v and 16.
4
Let z = -499 - -743. What is the greatest common factor of 4 and z?
4
Let j(q) = q - 5. Let k be j(4). Let l(t) = -2*t - 1. Let v be l(k). Suppose 2 = n + v. Calculate the greatest common factor of 4 and n.
1
Suppose -o = -5*l + 225, 3*l = 8*o - 3*o + 135. What is the greatest common factor of 20 and l?
5
Let a be (-498)/54 + 6/27. Let f = 12 + a. Let y be f + 0 + (-9 - -11). What is the greatest common factor of 10 and y?
5
Suppose 280*t = 294*t - 1120. What is the highest common factor of 56 and t?
8
Let n = 9 + 11. Suppose -2*a + 14 = 5*t, -a + 0*a + 3*t + 29 = 0. Suppose 8*g + 3*i = 4*g + a, -g - 5*i = 0. Calculate the highest common factor of n and g.
5
Let p = -127 + 433. What is the greatest common factor of p and 27?
9
Let c be 298/(-14) - (-34)/119. Let i = 66 - c. Calculate the greatest common factor of 29 and i.
29
Let s(z) = z. Let c(b) = 4*b + 24. Let t(p) = c(p) - 3*s(p). Let r be t(-12). What is the greatest common factor of r and 48?
12
Let x(y) = -6*y + 17. Let n be x(3). Let p be (20/6)/(n/(-18)). Calculate the greatest common factor of p and 24.
12
Suppose -v = -5 - 1. Let m be 674/4 - 3/v. Calculate the greatest common factor of m and 24.
24
Suppose 0 = r + 4, -3 - 87 = -5*p + 5*r. Let t be (4 - 68/p)/((-6)/28). Suppose -2*a + 9 = 1. What is the highest common factor of a and t?
4
Let c(y) be the third derivative of -y**4/6 + 2*y**2. Let d be c(-5). Let w = -12 + d. Calculate the greatest common divisor of w and 24.
8
Let s(n) = -n**2 + 17*n + 5. Let h be s(17). Suppose -18 = -2*b + 2*z, 3*b + h*z = 75 - 16. What is the highest common factor of 117 and b?
13
Let o(p) = p**2 - 11*p + 52. Let q be o(10). What is the highest common divisor of q and 126?
42
Let o(f) = f**3 - 18*f**2 + 17*f + 13. Suppose 5*d + 88 = 5*a + 6*d, -2*d = -3*a + 45. Let y be o(a). What is the highest common factor of 13 and y?
13
Let s be 68/(-187)*22/(-4). Let m be s/5*1 + 16402/295. Calculate the highest common factor of m and 8.
8
Let r(j) = j**2 - 7*j + 2. Suppose 2*t - t - 21 = 0. Let n be (-6)/((t/4)/(-7)). Let w be r(n). Calculate the greatest common divisor of 5 and w.
5
Let v = 43 + -15. Calculate the highest common factor of 28 and v.
28
Suppose -2*n + 37 = -3. What is the highest common factor of 36 and n?
4
Let k be (-53)/(-4) - (-5)/(-4). Calculate the greatest common factor of k and 384.
12
Suppose 381*f = 375*f + 54. What is the greatest common factor of f and 927?
9
Suppose -a - 25 = -6*a. Suppose -5*w = -2*p - 430, -4*w - 59 = -5*w - a*p. Calculate the highest common factor of 14 and w.
14
Suppose -4*u - 1 = p, 2*p - 10 = -0*p + 4*u. Suppose -4*w + 15 = -3*r - 0*w, -5*r - 36 = -3*w. Let i = 